y v.
21
Let p = 108 - 72. Calculate the remainder when 106 is divided by p.
34
Suppose x = 3*x - 6. Suppose -4*w = -2*j + 38, 0*j - 3*j = 2*w - 25. Calculate the remainder when j is divided by x.
2
Let m(r) = 3*r**2 - 41*r + 35. Calculate the remainder when m(18) is divided by 15.
14
Let u = 145 - 46. What is the remainder when u is divided by 34?
31
Let v = 84 - 53. Let q = v - 9. What is the remainder when q is divided by 6?
4
Let w(d) = 8*d - 12. Let q be w(8). Let p = 88 - q. Calculate the remainder when p is divided by 19.
17
Let v be 4/6*9 + 0. Suppose v*t = 3*t + 15. Calculate the remainder when 13 is divided by t.
3
Suppose -2*q = 5*i + 2*q - 115, -2*q = -4*i + 118. What is the remainder when i is divided by 11?
5
Let z = 4 + 1. Suppose 2*y = -z*l + 45, 5*l + 15 = 3*y - y. Calculate the remainder when y is divided by 6.
3
Let q = 6 - -9. Let m be ((-1)/2)/(1/(-4)). Suppose 0 = -m*y - 0*y + 86. What is the remainder when y is divided by q?
13
Let f be (21/6 - 3)*-2. Let k(t) = -t - 1. Let p be k(f). Let u = 3 - p. Calculate the remainder when 4 is divided by u.
1
Suppose 0 = c + 2*c - 45. Let w(q) = 4*q + 24. Calculate the remainder when c is divided by w(-5).
3
Calculate the remainder when 102 is divided by ((-62)/10 + 1)*(-1 - 4).
24
Let j(i) = 16*i + 2. Calculate the remainder when j(2) is divided by 6*(-2 - -4 - 0).
10
Let c be (-476)/(-35) - (-2)/5. Let j = c + -7. What is the remainder when 19 is divided by j?
5
Suppose 4*u = 2*t + 74, -3*u - 4*t - t = -62. Let j be -2 + 14*2/4. Suppose -3*h = -j*h + 14. Calculate the remainder when u is divided by h.
5
Let k(o) = -o**3 + 5*o**2 + 8*o - 5. What is the remainder when k(6) is divided by 5?
2
Suppose 36 = -15*y + 18*y. What is the remainder when 22 is divided by y?
10
Suppose 4*n - 20 = 4. Suppose -d = d - n. Calculate the remainder when d is divided by 2.
1
Let c(s) = -s + 1. Let g be c(4). Let m(l) = -2*l**3 - 3*l**2 + 2*l + 4. Let r(n) = n**2 + n - 3. What is the remainder when m(g) is divided by r(3)?
7
Let b be 8/(-12) + (-4)/(-6). Calculate the remainder when 1 is divided by (b + 2/(-4))*-2.
0
Suppose -4*a + 3*a + 13 = 0. What is the remainder when 23 is divided by a?
10
Let t(p) = p**3 - 3*p**2 - 5*p. Let a be t(4). Let c be (-2)/1 + a/(-2). Suppose c = 2*g - 6 - 18. Calculate the remainder when 35 is divided by g.
11
Let y = 178 + -122. What is the remainder when y is divided by 18?
2
Let k(c) = -20*c**2 + 3*c + 2. Let z be k(-2). Calculate the remainder when (z/9)/(2/(-6)) is divided by 10.
8
Let d = -14 + 22. Suppose 8 = 2*z + 2*c, 0*c + c = z - 6. Calculate the remainder when d is divided by z.
3
Suppose u - 2 = 11. Calculate the remainder when 32 is divided by u.
6
Let i(b) = 32*b - 1. Suppose -2*w + 0*w + 2 = 0. Calculate the remainder when i(w) is divided by 16.
15
Let s = 38 + -23. Calculate the remainder when s is divided by (-4)/12 + 4/(36/75).
7
Calculate the remainder when 75 is divided by -3 + 20/5 + 12.
10
Suppose -3*p - y = 383, -4*y - 150 + 666 = -4*p. Let i be 6/33 - p/22. Let n(c) = c + 3. What is the remainder when n(i) is divided by 5?
4
Let m = 17 - 6. Let r be ((-1)/(-1))/(1/(-4)). Let k = m - r. Calculate the remainder when k is divided by 4.
3
Let i(u) be the first derivative of 2*u**2 + 4*u + 5. Calculate the remainder when i(4) is divided by -4*22/8*-1.
9
Let m = -4 + 9. Suppose -3*r - 12 = -m*r. Let s(w) = w**3 + 7*w**2 + 8*w + 7. What is the remainder when s(-5) is divided by r?
5
Calculate the remainder when 23 is divided by (-2 - 0)*(0 - 3) + 2.
7
Suppose 10 = k - 8. Suppose 4*u + 62 = -k. Let l = -3 - u. What is the remainder when l is divided by 9?
8
Let c = -51 + 71. Suppose -1 = n - 12. What is the remainder when c is divided by n?
9
Let w = -75 + 38. Let q = w - -61. What is the remainder when 46 is divided by q?
22
What is the remainder when (-6820)/(-242) + (-4)/22 is divided by 16?
12
Suppose -3*z + 24 = 3*a, -6*a - 4*z = -3*a - 24. Suppose n = 3*o + o - 116, 116 = 4*o + 4*n. What is the remainder when o is divided by a?
5
Suppose -2*c = 3*l - 38, 3*l - c - 14 = 3*c. What is the remainder when 25 is divided by l?
5
Let a(p) = 3*p - 19. Calculate the remainder when 101 is divided by a(15).
23
Let i(k) = k**2 + 3*k + 3. Let r be i(-3). Let z(l) = -3 + r + 1 + 2 + 4*l. Calculate the remainder when 43 is divided by z(3).
13
What is the remainder when (-8)/(-32) + 190/8 is divided by 5?
4
Let g = -2 - -7. Let c(x) = -x**3 + 5*x**2 + 2*x - 5. What is the remainder when 9 is divided by c(g)?
4
Suppose -2*a - 2*a + 24 = -4*h, -5*a = h - 30. Suppose -r - 1122 = -5*f, -2*f - r = -385 - 61. What is the remainder when 14/(-77) + f/22 is divided by a?
4
Let c(o) = 7*o - 6. Let d = 28 - 4. Suppose r = 4*r - d. Calculate the remainder when c(4) is divided by r.
6
Let t(y) = -8*y + 1. Let n(q) = q. Let a(o) = -4*n(o) - t(o). What is the remainder when 5 is divided by a(1)?
2
Suppose -76 = -4*j + 4*n, -4*j = 3*n - 8*n - 76. Suppose -2*q - 2*c = -76, 5*c + 26 = q - 0*c. Calculate the remainder when q is divided by j.
17
Let b(d) = d**3 + 10*d**2 + 8*d - 7. What is the remainder when 5 is divided by b(-9)?
1
Let u = 25 - 21. Calculate the remainder when (7/(-4))/((-1)/4) is divided by u/(-2)*(1 - 3).
3
Suppose -2*k - k + 1482 = 0. Suppose -k - 146 = -4*o. Suppose m - 5*m + o = 0. Calculate the remainder when m is divided by 14.
12
Let j(p) = -p**3 + 8*p**2 - 4*p - 15. What is the remainder when j(7) is divided by 3*(-1 + (1 - -1))?
0
Let s = -8 + 15. Let f = 3 + s. What is the remainder when 39 is divided by f?
9
Let q be (-2)/8 - (-39)/12. Suppose -6 = -q*j, 3*j - 14 = -5*l + j. Suppose -3*d + 22 = -l*d. Calculate the remainder when d is divided by 8.
6
Let l = -2 - -4. Let r be 6*(l/4 + -1). Let f(a) = -6*a + 1. What is the remainder when 37 is divided by f(r)?
18
Calculate the remainder when 140 is divided by 47 + 0 + -2 + 2.
46
Let c(p) = -11*p. Let w(x) = -5*x**3 - x**2 + 1. Let i be w(1). What is the remainder when c(i) is divided by 19?
17
What is the remainder when 89 is divided by 6/(-10)*-1*30?
17
Calculate the remainder when (9/6*-6)/(-1) is divided by 5.
4
Suppose 0 = 2*x + 9 - 1. Let m = 1 - x. Suppose 0 = 4*s - 3*a - 155, 2*s - 2*a = -m*a + 55. Calculate the remainder when s is divided by 12.
11
Suppose 0 = 4*i + 5*l + 13, -4*i + 5*l + 40 = i. Let c(v) = v**i + v - 8*v**2 - 2*v**3 + 0*v + 2*v**3. Calculate the remainder when 21 is divided by c(8).
5
What is the remainder when 23 is divided by (-1 - 1)/((91/(-28))/13)?
7
Suppose 2*o - 3 = -5. Suppose -3*s - s = -260. What is the remainder when s is divided by (16/(-24))/(o/33)?
21
Let q(b) = -77*b**3 - b**2 + b - 1. Let z be q(1). Calculate the remainder when (-4)/(4/z*3) is divided by 1 + -2 + (13 - -2).
12
Calculate the remainder when (-32)/(-6)*(-21)/(-14) is divided by 3.
2
Let k(v) = 4*v**2 - 10*v + 8. What is the remainder when k(6) is divided by 19?
16
Let d(l) = -6*l**3 - 3*l**2 + 2*l + 6. Calculate the remainder when d(-2) is divided by 10.
8
Let k(n) = -n**3 - 10*n**2 - 6. Let h be k(-10). Let s(i) = i + 12. What is the remainder when s(h) is divided by 3?
0
Suppose -3*s = -s - 14. Suppose -7 = 3*k - 43. What is the remainder when k is divided by s?
5
Suppose -3*r + 3*w = -2*w - 71, -3*r + 31 = 5*w. Calculate the remainder when r is divided by (-21)/35 + (-33)/(-5).
5
Suppose 0*f + f - 8 = 0. Suppose 2*c - 2*i = -c + 20, -5*c = 3*i - f. Suppose c*l - 49 = 11. What is the remainder when 43 is divided by l?
13
Suppose 3*z = -2*q + 23, -z + 11 + 5 = -q. Suppose 0 = -0*s + 2*s - 8. What is the remainder when z is divided by s?
3
Let n(j) = -3*j + 2. Let u = -21 - -61. What is the remainder when u is divided by n(-4)?
12
Suppose 5*j - 95 = -5*v, -2*j = -2*v - 7*j + 26. Let z(x) = -x**2 - 11*x - 10. Suppose -8*p - 45 = -3*p. Calculate the remainder when v is divided by z(p).
7
Suppose 90 = 7*c - c. What is the remainder when 101 is divided by c?
11
Suppose -4*z = 3*z - 126. What is the remainder when 87 is divided by z?
15
Suppose 0*c + 2*c + 5*o = 0, 2*c - 3*o - 32 = 0. What is the remainder when ((-4)/6)/(4/(-162)) is divided by c?
7
Let q(c) = 4*c - 9. What is the remainder when 28 + (3 + -1 - 2) is divided by q(6)?
13
Let f(d) = 3*d + 3. What is the remainder when f(8) is divided by